{"id":11,"date":"2018-12-04T23:37:24","date_gmt":"2018-12-04T23:37:24","guid":{"rendered":"https:\/\/nj-maint.com\/gmao\/?page_id=11"},"modified":"2025-01-25T01:49:32","modified_gmt":"2025-01-25T01:49:32","slug":"architecture-informatique","status":"publish","type":"page","link":"https:\/\/nj-maint.com\/gmao\/fr\/architecture-informatique\/","title":{"rendered":"Architecture"},"content":{"rendered":"\n<p>Pour garantir une solution conviviale et facilement accessible, chez <strong>NJ-Maintenance<\/strong>, nous prenons en charge la gestion compl\u00e8te de l&rsquo;architecture informatique n\u00e9cessaire au bon fonctionnement de notre plateforme de GMAO. Cette approche lib\u00e8re les clients des contraintes techniques, leur permettant de se concentrer sur l\u2019optimisation de leurs activit\u00e9s de maintenance sans se soucier de la gestion de l\u2019infrastructure.<\/p>\n\n\n\n<p>La solution de GMAO NJ-Maintenance repose sur une technologie \u00ab\u00a0<strong>Full Web<\/strong>\u00ab\u00a0, la rendant hautement accessible et flexible. Les clients peuvent acc\u00e9der \u00e0 leurs donn\u00e9es directement via Internet, sans avoir besoin d\u2019installer de logiciel sur leurs postes de travail. Cela \u00e9limine les probl\u00e8mes de compatibilit\u00e9, r\u00e9duit les d\u00e9lais d\u2019installation et simplifie la maintenance du syst\u00e8me. La plateforme est enti\u00e8rement portable et accessible depuis tout appareil connect\u00e9 \u00e0 Internet, qu\u2019il s\u2019agisse d\u2019un ordinateur de bureau, d\u2019une tablette ou d\u2019un smartphone, assurant ainsi une continuit\u00e9 des op\u00e9rations, quel que soit le lieu.<\/p>\n\n\n\n<p>Cette portabilit\u00e9 est particuli\u00e8rement avantageuse pour les \u00e9quipes \u00e9voluant dans des environnements dynamiques ou sur plusieurs sites. Que les techniciens soient sur le terrain ou que les gestionnaires supervisent les op\u00e9rations \u00e0 distance, la plateforme NJ-Maintenance leur garantit <strong>un acc\u00e8s en temps r\u00e9el aux donn\u00e9es et outils critiques<\/strong> n\u00e9cessaires pour accomplir leurs t\u00e2ches efficacement.<\/p>\n\n\n\n<p>Pour offrir cette fonctionnalit\u00e9 robuste, NJ-Maintenance s\u2019appuie sur des technologies Internet de pointe, notamment <strong>HTML5, JavaScript et Node.js<\/strong>, afin de cr\u00e9er une interface utilisateur r\u00e9active et performante. Ces technologies assurent que la plateforme reste rapide, s\u00e9curis\u00e9e et compatible avec les normes web modernes.<\/p>\n\n\n\n<p>En compl\u00e9ment des technologies Internet, NJ-Maintenance int\u00e8gre des solutions <strong>Oracle<\/strong>, telles que Oracle Database, Oracle Client et Oracle Jet, pour fournir une infrastructure backend puissante et fiable. Cette combinaison permet de stocker, g\u00e9rer et r\u00e9cup\u00e9rer de grandes quantit\u00e9s de donn\u00e9es en toute s\u00e9curit\u00e9 tout en maintenant des performances et une \u00e9volutivit\u00e9 optimales.<\/p>\n\n\n\n<p>Gr\u00e2ce \u00e0 l\u2019utilisation de ces technologies avanc\u00e9es, NJ-Maintenance propose une solution \u00e0 la fois techniquement sophistiqu\u00e9e, intuitive et accessible. L\u2019int\u00e9gration d\u2019outils de d\u00e9veloppement modernes garantit que la plateforme reste <strong>p\u00e9renne, adaptable aux besoins \u00e9volutifs<\/strong> et capable de prendre en charge des op\u00e9rations de petite \u00e9chelle comme des structures organisationnelles complexes et \u00e9tendues.<\/p>\n\n\n\n<p>Cet engagement envers l\u2019excellence technologique illustre la mission de NJ-Maintenance : fournir une solution de GMAO compl\u00e8te et centr\u00e9e sur l\u2019utilisateur. Que ce soit pour la gestion immobili\u00e8re, la maintenance industrielle ou d\u2019autres applications, <strong>NJ-Maintenance<\/strong> s\u2019assure que ses clients disposent des outils et du support n\u00e9cessaires pour <strong>r\u00e9ussir dans un environnement comp\u00e9titif et en constante \u00e9volution<\/strong>.<\/p>\n","protected":false},"excerpt":{"rendered":"<p>Pour garantir une solution conviviale et facilement accessible, chez NJ-Maintenance, nous prenons en charge la gestion compl\u00e8te de l&rsquo;architecture informatique n\u00e9cessaire au bon fonctionnement de notre plateforme de GMAO. Cette approche lib\u00e8re les clients des contraintes techniques, leur permettant de se concentrer sur l\u2019optimisation de leurs activit\u00e9s de maintenance sans se soucier de la gestion de l\u2019infrastructure. La solution de GMAO NJ-Maintenance repose sur une technologie \u00ab\u00a0Full Web\u00ab\u00a0, la rendant hautement accessible et flexible. Les clients peuvent acc\u00e9der \u00e0 leurs donn\u00e9es directement via Internet, sans avoir besoin d\u2019installer de logiciel sur leurs postes de travail. Cela \u00e9limine les probl\u00e8mes de compatibilit\u00e9, r\u00e9duit les d\u00e9lais d\u2019installation et simplifie la maintenance du syst\u00e8me. La plateforme est enti\u00e8rement portable et accessible depuis tout appareil connect\u00e9 \u00e0 Internet, qu\u2019il s\u2019agisse d\u2019un ordinateur de bureau, d\u2019une tablette ou d\u2019un smartphone, assurant ainsi une continuit\u00e9 des op\u00e9rations, quel que soit le lieu. Cette portabilit\u00e9 est particuli\u00e8rement avantageuse pour les \u00e9quipes \u00e9voluant dans des environnements dynamiques ou sur plusieurs sites. Que les techniciens soient sur le terrain ou que les gestionnaires supervisent les op\u00e9rations \u00e0 distance, la plateforme NJ-Maintenance leur garantit un acc\u00e8s en temps r\u00e9el aux donn\u00e9es et outils critiques n\u00e9cessaires pour accomplir leurs t\u00e2ches efficacement. Pour offrir cette fonctionnalit\u00e9 robuste, NJ-Maintenance s\u2019appuie sur des technologies Internet de pointe, notamment HTML5, JavaScript et Node.js, afin de cr\u00e9er une interface utilisateur r\u00e9active et performante. Ces technologies assurent que la plateforme reste rapide, s\u00e9curis\u00e9e et compatible avec les normes web modernes. En compl\u00e9ment des technologies Internet, NJ-Maintenance int\u00e8gre des solutions Oracle, telles que Oracle Database, Oracle Client et Oracle Jet, pour fournir une infrastructure backend puissante et fiable. Cette combinaison permet de stocker, g\u00e9rer et r\u00e9cup\u00e9rer de grandes quantit\u00e9s de donn\u00e9es en toute s\u00e9curit\u00e9 tout en maintenant des performances et une \u00e9volutivit\u00e9 optimales. Gr\u00e2ce \u00e0 l\u2019utilisation de ces technologies avanc\u00e9es, NJ-Maintenance propose une solution \u00e0 la fois techniquement sophistiqu\u00e9e, intuitive et accessible. L\u2019int\u00e9gration d\u2019outils de d\u00e9veloppement modernes garantit que la plateforme reste p\u00e9renne, adaptable aux besoins \u00e9volutifs et capable de prendre en charge des op\u00e9rations de petite \u00e9chelle comme des structures organisationnelles complexes et \u00e9tendues. Cet engagement envers l\u2019excellence technologique illustre la mission de NJ-Maintenance : fournir une solution de GMAO compl\u00e8te et centr\u00e9e sur l\u2019utilisateur. Que ce soit pour la gestion immobili\u00e8re, la maintenance industrielle ou d\u2019autres applications, NJ-Maintenance s\u2019assure que ses clients disposent des outils et du support n\u00e9cessaires pour r\u00e9ussir dans un environnement comp\u00e9titif et en constante \u00e9volution.<\/p>\n","protected":false},"author":2,"featured_media":0,"parent":0,"menu_order":0,"comment_status":"closed","ping_status":"closed","template":"","meta":{"jetpack_post_was_ever_published":false,"footnotes":""},"class_list":["post-11","page","type-page","status-publish","hentry"],"acf":[],"jetpack_sharing_enabled":true,"_links":{"self":[{"href":"https:\/\/nj-maint.com\/gmao\/wp-json\/wp\/v2\/pages\/11","targetHints":{"allow":["GET"]}}],"collection":[{"href":"https:\/\/nj-maint.com\/gmao\/wp-json\/wp\/v2\/pages"}],"about":[{"href":"https:\/\/nj-maint.com\/gmao\/wp-json\/wp\/v2\/types\/page"}],"author":[{"embeddable":true,"href":"https:\/\/nj-maint.com\/gmao\/wp-json\/wp\/v2\/users\/2"}],"replies":[{"embeddable":true,"href":"https:\/\/nj-maint.com\/gmao\/wp-json\/wp\/v2\/comments?post=11"}],"version-history":[{"count":5,"href":"https:\/\/nj-maint.com\/gmao\/wp-json\/wp\/v2\/pages\/11\/revisions"}],"predecessor-version":[{"id":1352,"href":"https:\/\/nj-maint.com\/gmao\/wp-json\/wp\/v2\/pages\/11\/revisions\/1352"}],"wp:attachment":[{"href":"https:\/\/nj-maint.com\/gmao\/wp-json\/wp\/v2\/media?parent=11"}],"curies":[{"name":"wp","href":"https:\/\/api.w.org\/{rel}","templated":true}]}}