{"id":1199,"date":"2025-01-23T21:03:49","date_gmt":"2025-01-23T21:03:49","guid":{"rendered":"https:\/\/nj-maint.com\/gmao\/?page_id=1199"},"modified":"2025-01-23T21:03:54","modified_gmt":"2025-01-23T21:03:54","slug":"interoperabilite","status":"publish","type":"page","link":"https:\/\/nj-maint.com\/gmao\/fr\/interoperabilite\/","title":{"rendered":"Interop\u00e9rabilit\u00e9"},"content":{"rendered":"\n<p><strong>NJ-Maintenance<\/strong> est enti\u00e8rement modulaire, facile d\u2019adaptation et \u00e9volutif. Des modules externes et des passerelles d\u2019interop\u00e9rabilit\u00e9 peuvent \u00eatre simplement et rapidement d\u00e9velopp\u00e9s et int\u00e9gr\u00e9s. Diff\u00e9rentes int\u00e9grations, par exemple avec un syst\u00e8me financier ou un syst\u00e8me de carburant, peuvent \u00eatre rapidement r\u00e9alis\u00e9es.<\/p>\n\n\n\n<p>Gr\u00e2ce \u00e0 son API compl\u00e8te et modulaire, \u00e0 son impl\u00e9mentation native des Websockets et \u00e0 sa base de donn\u00e9es ouverte, il est facile d\u2019int\u00e9grer d\u2019autres modules et des applications externes qui peuvent communiquer en temps r\u00e9el et de fa\u00e7on bidirectionnelle avec <strong>NJ-Maintenance<\/strong>. La base de donn\u00e9es de <strong>NJ-Maintenance<\/strong> s\u2019occupe de valider l\u2019int\u00e9grit\u00e9 des donn\u00e9es.<\/p>\n\n\n\n<p>La plateforme <strong>NJ-Maintenance<\/strong> a \u00e9t\u00e9 con\u00e7ue en portant une grande attention aux possibilit\u00e9s futures d\u2019interop\u00e9rabilit\u00e9 avec les syst\u00e8mes existants de l\u2019organisation o\u00f9 elle vient s\u2019implanter. Au plus simple, <strong>NJ-Maintenance<\/strong> peut s\u2019implanter dans une petite organisation comme un syst\u00e8me autonome de gestion de la maintenance. La base de donn\u00e9es ainsi mise en place permet la centralisation des donn\u00e9es et la mise en place d\u2019outils de consultation et de diffusion de l\u2019information.<\/p>\n\n\n\n<p>En venant s\u2019implanter dans une organisation ayant d\u00e9j\u00e0 des syst\u00e8mes d\u2019information et des d\u00e9p\u00f4ts de donn\u00e9es servant de source autoritaire pour les diff\u00e9rents services, l\u2019objectif de l\u2019implantation est de venir s\u2019int\u00e9grer \u00e0 l\u2019\u00e9cosyst\u00e8me technologique et logicielle d\u00e9j\u00e0 en place.<\/p>\n","protected":false},"excerpt":{"rendered":"<p>NJ-Maintenance est enti\u00e8rement modulaire, facile d\u2019adaptation et \u00e9volutif. Des modules externes et des passerelles d\u2019interop\u00e9rabilit\u00e9 peuvent \u00eatre simplement et rapidement d\u00e9velopp\u00e9s et int\u00e9gr\u00e9s. Diff\u00e9rentes int\u00e9grations, par exemple avec un syst\u00e8me financier ou un syst\u00e8me de carburant, peuvent \u00eatre rapidement r\u00e9alis\u00e9es. Gr\u00e2ce \u00e0 son API compl\u00e8te et modulaire, \u00e0 son impl\u00e9mentation native des Websockets et \u00e0 sa base de donn\u00e9es ouverte, il est facile d\u2019int\u00e9grer d\u2019autres modules et des applications externes qui peuvent communiquer en temps r\u00e9el et de fa\u00e7on bidirectionnelle avec NJ-Maintenance. La base de donn\u00e9es de NJ-Maintenance s\u2019occupe de valider l\u2019int\u00e9grit\u00e9 des donn\u00e9es. La plateforme NJ-Maintenance a \u00e9t\u00e9 con\u00e7ue en portant une grande attention aux possibilit\u00e9s futures d\u2019interop\u00e9rabilit\u00e9 avec les syst\u00e8mes existants de l\u2019organisation o\u00f9 elle vient s\u2019implanter. Au plus simple, NJ-Maintenance peut s\u2019implanter dans une petite organisation comme un syst\u00e8me autonome de gestion de la maintenance. La base de donn\u00e9es ainsi mise en place permet la centralisation des donn\u00e9es et la mise en place d\u2019outils de consultation et de diffusion de l\u2019information. En venant s\u2019implanter dans une organisation ayant d\u00e9j\u00e0 des syst\u00e8mes d\u2019information et des d\u00e9p\u00f4ts de donn\u00e9es servant de source autoritaire pour les diff\u00e9rents services, l\u2019objectif de l\u2019implantation est de venir s\u2019int\u00e9grer \u00e0 l\u2019\u00e9cosyst\u00e8me technologique et logicielle d\u00e9j\u00e0 en place.<\/p>\n","protected":false},"author":3,"featured_media":0,"parent":0,"menu_order":0,"comment_status":"closed","ping_status":"closed","template":"","meta":{"jetpack_post_was_ever_published":false,"footnotes":""},"class_list":["post-1199","page","type-page","status-publish","hentry"],"acf":[],"jetpack_sharing_enabled":true,"_links":{"self":[{"href":"https:\/\/nj-maint.com\/gmao\/wp-json\/wp\/v2\/pages\/1199","targetHints":{"allow":["GET"]}}],"collection":[{"href":"https:\/\/nj-maint.com\/gmao\/wp-json\/wp\/v2\/pages"}],"about":[{"href":"https:\/\/nj-maint.com\/gmao\/wp-json\/wp\/v2\/types\/page"}],"author":[{"embeddable":true,"href":"https:\/\/nj-maint.com\/gmao\/wp-json\/wp\/v2\/users\/3"}],"replies":[{"embeddable":true,"href":"https:\/\/nj-maint.com\/gmao\/wp-json\/wp\/v2\/comments?post=1199"}],"version-history":[{"count":1,"href":"https:\/\/nj-maint.com\/gmao\/wp-json\/wp\/v2\/pages\/1199\/revisions"}],"predecessor-version":[{"id":1200,"href":"https:\/\/nj-maint.com\/gmao\/wp-json\/wp\/v2\/pages\/1199\/revisions\/1200"}],"wp:attachment":[{"href":"https:\/\/nj-maint.com\/gmao\/wp-json\/wp\/v2\/media?parent=1199"}],"curies":[{"name":"wp","href":"https:\/\/api.w.org\/{rel}","templated":true}]}}