{"id":1249,"date":"2025-01-24T14:48:03","date_gmt":"2025-01-24T14:48:03","guid":{"rendered":"https:\/\/nj-maint.com\/gmao\/?page_id=1249"},"modified":"2025-01-24T14:48:05","modified_gmt":"2025-01-24T14:48:05","slug":"nj-reservas","status":"publish","type":"page","link":"https:\/\/nj-maint.com\/gmao\/pt\/nj-reservas\/","title":{"rendered":"NJ-Reservas"},"content":{"rendered":"\n<p><strong>NJ-Reservas<\/strong> \u00e9 um m\u00f3dulo de reservas que pode ser utilizado de forma aut\u00f4noma ou integrado \u00e0 su\u00edte NJ-Maintenance.<\/p>\n\n\n\n<p><strong>NJ-Reservas<\/strong> permite definir grupos de ativos (por exemplo, salas de reuni\u00e3o, escrit\u00f3rios, equipamentos m\u00f3veis, ferramentas, etc.) que podem ser reservados por um determinado per\u00edodo, respeitando um conjunto de condi\u00e7\u00f5es de uso e faturamento.<\/p>\n\n\n\n<p><strong>NJ-Reservas<\/strong> permite a cria\u00e7\u00e3o e a atribui\u00e7\u00e3o de kits, que podem ser associados ao ativo reservado (por exemplo, um conjunto de cadeiras e mesas, equipamentos audiovisuais, etc.) e que podem gerar uma cobran\u00e7a adicional.<\/p>\n\n\n\n<p><strong>NJ-Reservas<\/strong> tamb\u00e9m se integra ao m\u00f3dulo de invent\u00e1rio do NJ-Maintenance para poder oferecer pe\u00e7as e artigos diversos durante a reserva (como baterias, combust\u00edveis, etc.).<\/p>\n\n\n\n<p><strong>NJ-Reservas<\/strong> permite o acompanhamento das sa\u00eddas e devolu\u00e7\u00f5es de invent\u00e1rio de todos os componentes.<\/p>\n\n\n\n<p><strong>NJ-Reservas<\/strong> inclui uma interface completa com um calend\u00e1rio perp\u00e9tuo, permitindo aos usu\u00e1rios fazer, modificar e acompanhar suas reservas, desde a cria\u00e7\u00e3o at\u00e9 a cobran\u00e7a.<\/p>\n\n\n\n<p><strong>NJ-Reservas<\/strong> se integra com o m\u00f3dulo de ordens de servi\u00e7o do NJ-Maintenance, permitindo que os t\u00e9cnicos reservem equipamentos para realizar suas interven\u00e7\u00f5es.<\/p>\n","protected":false},"excerpt":{"rendered":"<p>NJ-Reservas \u00e9 um m\u00f3dulo de reservas que pode ser utilizado de forma aut\u00f4noma ou integrado \u00e0 su\u00edte NJ-Maintenance. NJ-Reservas permite definir grupos de ativos (por exemplo, salas de reuni\u00e3o, escrit\u00f3rios, equipamentos m\u00f3veis, ferramentas, etc.) que podem ser reservados por um determinado per\u00edodo, respeitando um conjunto de condi\u00e7\u00f5es de uso e faturamento. NJ-Reservas permite a cria\u00e7\u00e3o e a atribui\u00e7\u00e3o de kits, que podem ser associados ao ativo reservado (por exemplo, um conjunto de cadeiras e mesas, equipamentos audiovisuais, etc.) e que podem gerar uma cobran\u00e7a adicional. NJ-Reservas tamb\u00e9m se integra ao m\u00f3dulo de invent\u00e1rio do NJ-Maintenance para poder oferecer pe\u00e7as e artigos diversos durante a reserva (como baterias, combust\u00edveis, etc.). NJ-Reservas permite o acompanhamento das sa\u00eddas e devolu\u00e7\u00f5es de invent\u00e1rio de todos os componentes. NJ-Reservas inclui uma interface completa com um calend\u00e1rio perp\u00e9tuo, permitindo aos usu\u00e1rios fazer, modificar e acompanhar suas reservas, desde a cria\u00e7\u00e3o at\u00e9 a cobran\u00e7a. NJ-Reservas se integra com o m\u00f3dulo de ordens de servi\u00e7o do NJ-Maintenance, permitindo que os t\u00e9cnicos reservem equipamentos para realizar suas interven\u00e7\u00f5es.<\/p>\n","protected":false},"author":3,"featured_media":0,"parent":0,"menu_order":0,"comment_status":"closed","ping_status":"closed","template":"","meta":{"jetpack_post_was_ever_published":false,"footnotes":""},"class_list":["post-1249","page","type-page","status-publish","hentry"],"acf":[],"jetpack_sharing_enabled":true,"_links":{"self":[{"href":"https:\/\/nj-maint.com\/gmao\/wp-json\/wp\/v2\/pages\/1249","targetHints":{"allow":["GET"]}}],"collection":[{"href":"https:\/\/nj-maint.com\/gmao\/wp-json\/wp\/v2\/pages"}],"about":[{"href":"https:\/\/nj-maint.com\/gmao\/wp-json\/wp\/v2\/types\/page"}],"author":[{"embeddable":true,"href":"https:\/\/nj-maint.com\/gmao\/wp-json\/wp\/v2\/users\/3"}],"replies":[{"embeddable":true,"href":"https:\/\/nj-maint.com\/gmao\/wp-json\/wp\/v2\/comments?post=1249"}],"version-history":[{"count":1,"href":"https:\/\/nj-maint.com\/gmao\/wp-json\/wp\/v2\/pages\/1249\/revisions"}],"predecessor-version":[{"id":1250,"href":"https:\/\/nj-maint.com\/gmao\/wp-json\/wp\/v2\/pages\/1249\/revisions\/1250"}],"wp:attachment":[{"href":"https:\/\/nj-maint.com\/gmao\/wp-json\/wp\/v2\/media?parent=1249"}],"curies":[{"name":"wp","href":"https:\/\/api.w.org\/{rel}","templated":true}]}}