{"id":1270,"date":"2025-01-24T16:45:42","date_gmt":"2025-01-24T16:45:42","guid":{"rendered":"https:\/\/nj-maint.com\/gmao\/?page_id=1270"},"modified":"2025-01-24T16:45:47","modified_gmt":"2025-01-24T16:45:47","slug":"interoperabilidad","status":"publish","type":"page","link":"https:\/\/nj-maint.com\/gmao\/es\/interoperabilidad\/","title":{"rendered":"Interoperabilidad"},"content":{"rendered":"\n<p><strong>NJ-Maintenance<\/strong> es completamente modular, f\u00e1cil de adaptar y escalable. Los m\u00f3dulos externos y los puentes de interoperabilidad pueden desarrollarse e integrarse de manera simple y r\u00e1pida. Diferentes integraciones, por ejemplo, con un sistema financiero o un sistema de combustible, pueden realizarse r\u00e1pidamente.<\/p>\n\n\n\n<p>Gracias a su <strong>API completa y modular<\/strong>, su implementaci\u00f3n nativa de <strong>Websockets<\/strong> y su base de datos abierta, es f\u00e1cil integrar otros m\u00f3dulos y aplicaciones externas que pueden comunicarse en tiempo real y de manera bidireccional con NJ-Maintenance. La base de datos de NJ-Maintenance se encarga de validar la integridad de los datos.<\/p>\n\n\n\n<p>La plataforma <strong>NJ-Maintenance<\/strong> ha sido dise\u00f1ada prestando gran atenci\u00f3n a las posibilidades futuras de interoperabilidad con los sistemas existentes de la organizaci\u00f3n donde se implemente. En el caso m\u00e1s sencillo, NJ-Maintenance puede implementarse en una peque\u00f1a organizaci\u00f3n como un sistema aut\u00f3nomo de gesti\u00f3n del mantenimiento. La base de datos as\u00ed configurada permite la centralizaci\u00f3n de los datos y la implementaci\u00f3n de herramientas para la consulta y difusi\u00f3n de la informaci\u00f3n.<\/p>\n\n\n\n<p>Cuando se implementa en una organizaci\u00f3n que ya cuenta con sistemas de informaci\u00f3n y repositorios de datos que sirven como fuente autorizada para los diferentes servicios, <strong>el objetivo de la implementaci\u00f3n es integrarse en el ecosistema tecnol\u00f3gico y de software ya existente<\/strong>.<\/p>\n","protected":false},"excerpt":{"rendered":"<p>NJ-Maintenance es completamente modular, f\u00e1cil de adaptar y escalable. Los m\u00f3dulos externos y los puentes de interoperabilidad pueden desarrollarse e integrarse de manera simple y r\u00e1pida. Diferentes integraciones, por ejemplo, con un sistema financiero o un sistema de combustible, pueden realizarse r\u00e1pidamente. Gracias a su API completa y modular, su implementaci\u00f3n nativa de Websockets y su base de datos abierta, es f\u00e1cil integrar otros m\u00f3dulos y aplicaciones externas que pueden comunicarse en tiempo real y de manera bidireccional con NJ-Maintenance. La base de datos de NJ-Maintenance se encarga de validar la integridad de los datos. La plataforma NJ-Maintenance ha sido dise\u00f1ada prestando gran atenci\u00f3n a las posibilidades futuras de interoperabilidad con los sistemas existentes de la organizaci\u00f3n donde se implemente. En el caso m\u00e1s sencillo, NJ-Maintenance puede implementarse en una peque\u00f1a organizaci\u00f3n como un sistema aut\u00f3nomo de gesti\u00f3n del mantenimiento. La base de datos as\u00ed configurada permite la centralizaci\u00f3n de los datos y la implementaci\u00f3n de herramientas para la consulta y difusi\u00f3n de la informaci\u00f3n. Cuando se implementa en una organizaci\u00f3n que ya cuenta con sistemas de informaci\u00f3n y repositorios de datos que sirven como fuente autorizada para los diferentes servicios, el objetivo de la implementaci\u00f3n es integrarse en el ecosistema tecnol\u00f3gico y de software ya existente.<\/p>\n","protected":false},"author":3,"featured_media":0,"parent":0,"menu_order":0,"comment_status":"closed","ping_status":"closed","template":"","meta":{"jetpack_post_was_ever_published":false,"footnotes":""},"class_list":["post-1270","page","type-page","status-publish","hentry"],"acf":[],"jetpack_sharing_enabled":true,"_links":{"self":[{"href":"https:\/\/nj-maint.com\/gmao\/wp-json\/wp\/v2\/pages\/1270","targetHints":{"allow":["GET"]}}],"collection":[{"href":"https:\/\/nj-maint.com\/gmao\/wp-json\/wp\/v2\/pages"}],"about":[{"href":"https:\/\/nj-maint.com\/gmao\/wp-json\/wp\/v2\/types\/page"}],"author":[{"embeddable":true,"href":"https:\/\/nj-maint.com\/gmao\/wp-json\/wp\/v2\/users\/3"}],"replies":[{"embeddable":true,"href":"https:\/\/nj-maint.com\/gmao\/wp-json\/wp\/v2\/comments?post=1270"}],"version-history":[{"count":1,"href":"https:\/\/nj-maint.com\/gmao\/wp-json\/wp\/v2\/pages\/1270\/revisions"}],"predecessor-version":[{"id":1272,"href":"https:\/\/nj-maint.com\/gmao\/wp-json\/wp\/v2\/pages\/1270\/revisions\/1272"}],"wp:attachment":[{"href":"https:\/\/nj-maint.com\/gmao\/wp-json\/wp\/v2\/media?parent=1270"}],"curies":[{"name":"wp","href":"https:\/\/api.w.org\/{rel}","templated":true}]}}