{"id":1279,"date":"2025-01-24T16:58:21","date_gmt":"2025-01-24T16:58:21","guid":{"rendered":"https:\/\/nj-maint.com\/gmao\/?page_id=1279"},"modified":"2025-01-24T16:58:26","modified_gmt":"2025-01-24T16:58:26","slug":"productos","status":"publish","type":"page","link":"https:\/\/nj-maint.com\/gmao\/es\/productos\/","title":{"rendered":"Productos"},"content":{"rendered":"\n<p>La suite <strong>NJ-Maintenance<\/strong> es la soluci\u00f3n de Gesti\u00f3n de Mantenimiento Asistido por Ordenador m\u00e1s flexible y moderna del mercado.<\/p>\n\n\n\n<p><strong>NJ-Maintenance<\/strong> est\u00e1 igualmente adaptada al mundo industrial, a la gesti\u00f3n de activos y a las empresas de servicios. Se integra tan f\u00e1cilmente en una estructura simple como en organizaciones complejas multisitio y multiservicios.<\/p>\n\n\n\n<p><strong>NJ-Maintenance<\/strong> es una aplicaci\u00f3n ergon\u00f3mica, basada en tecnolog\u00edas web estandarizadas, que favorece una integraci\u00f3n y un aprendizaje r\u00e1pidos de los nuevos usuarios.<\/p>\n\n\n\n<p>La caracter\u00edstica diferenciadora de NJ-Maintenance es que es <strong>100 % configurable<\/strong>. Su flexibilidad de configuraci\u00f3n y su adaptabilidad a los diferentes departamentos y necesidades de los usuarios permiten compartir y dar visibilidad restringida de los datos seg\u00fan las actividades y roles de cada uno.<\/p>\n\n\n\n<p><strong>NJ-Maintenance<\/strong> tambi\u00e9n incluye:<\/p>\n\n\n\n<ul class=\"wp-block-list\">\n<li>Un m\u00f3dulo de reservas que permite a los diferentes actores realizar reservas de salas y equipos, a trav\u00e9s de un calendario interactivo.<\/li>\n\n\n\n<li>Un portal cliente 100 % configurable que permite hacer el seguimiento de las solicitudes de los clientes e intercambiar informaci\u00f3n entre proveedores, clientes, empleados y gestores.<\/li>\n\n\n\n<li>Una suite de aplicaciones m\u00f3viles que permite a los t\u00e9cnicos intervenir en el terreno y acceder a todo el historial de los equipos.<\/li>\n<\/ul>\n\n\n\n<p>Con su gran capacidad de personalizaci\u00f3n y su soporte para las tecnolog\u00edas m\u00e1s modernas, <strong>NJ-Maintenance es la soluci\u00f3n ideal para las empresas que desean optimizar sus procesos de mantenimiento<\/strong>, mejorar la colaboraci\u00f3n entre equipos y garantizar una eficiencia m\u00e1xima en sus operaciones.<\/p>\n","protected":false},"excerpt":{"rendered":"<p>La suite NJ-Maintenance es la soluci\u00f3n de Gesti\u00f3n de Mantenimiento Asistido por Ordenador m\u00e1s flexible y moderna del mercado. NJ-Maintenance est\u00e1 igualmente adaptada al mundo industrial, a la gesti\u00f3n de activos y a las empresas de servicios. Se integra tan f\u00e1cilmente en una estructura simple como en organizaciones complejas multisitio y multiservicios. NJ-Maintenance es una aplicaci\u00f3n ergon\u00f3mica, basada en tecnolog\u00edas web estandarizadas, que favorece una integraci\u00f3n y un aprendizaje r\u00e1pidos de los nuevos usuarios. La caracter\u00edstica diferenciadora de NJ-Maintenance es que es 100 % configurable. Su flexibilidad de configuraci\u00f3n y su adaptabilidad a los diferentes departamentos y necesidades de los usuarios permiten compartir y dar visibilidad restringida de los datos seg\u00fan las actividades y roles de cada uno. NJ-Maintenance tambi\u00e9n incluye: Con su gran capacidad de personalizaci\u00f3n y su soporte para las tecnolog\u00edas m\u00e1s modernas, NJ-Maintenance es la soluci\u00f3n ideal para las empresas que desean optimizar sus procesos de mantenimiento, mejorar la colaboraci\u00f3n entre equipos y garantizar una eficiencia m\u00e1xima en sus operaciones.<\/p>\n","protected":false},"author":3,"featured_media":0,"parent":0,"menu_order":0,"comment_status":"closed","ping_status":"closed","template":"","meta":{"jetpack_post_was_ever_published":false,"footnotes":""},"class_list":["post-1279","page","type-page","status-publish","hentry"],"acf":[],"jetpack_sharing_enabled":true,"_links":{"self":[{"href":"https:\/\/nj-maint.com\/gmao\/wp-json\/wp\/v2\/pages\/1279","targetHints":{"allow":["GET"]}}],"collection":[{"href":"https:\/\/nj-maint.com\/gmao\/wp-json\/wp\/v2\/pages"}],"about":[{"href":"https:\/\/nj-maint.com\/gmao\/wp-json\/wp\/v2\/types\/page"}],"author":[{"embeddable":true,"href":"https:\/\/nj-maint.com\/gmao\/wp-json\/wp\/v2\/users\/3"}],"replies":[{"embeddable":true,"href":"https:\/\/nj-maint.com\/gmao\/wp-json\/wp\/v2\/comments?post=1279"}],"version-history":[{"count":1,"href":"https:\/\/nj-maint.com\/gmao\/wp-json\/wp\/v2\/pages\/1279\/revisions"}],"predecessor-version":[{"id":1280,"href":"https:\/\/nj-maint.com\/gmao\/wp-json\/wp\/v2\/pages\/1279\/revisions\/1280"}],"wp:attachment":[{"href":"https:\/\/nj-maint.com\/gmao\/wp-json\/wp\/v2\/media?parent=1279"}],"curies":[{"name":"wp","href":"https:\/\/api.w.org\/{rel}","templated":true}]}}