{"id":959,"date":"2023-05-25T18:13:47","date_gmt":"2023-05-25T18:13:47","guid":{"rendered":"https:\/\/nj-maint.com\/gmao\/vue-densemble-espanol\/"},"modified":"2025-01-25T01:43:57","modified_gmt":"2025-01-25T01:43:57","slug":"vue-densemble-espanol","status":"publish","type":"page","link":"https:\/\/nj-maint.com\/gmao\/es\/vue-densemble-espanol\/","title":{"rendered":"Visi\u00f3n general"},"content":{"rendered":"\n<p><strong>NJ-Maintenance<\/strong> es una soluci\u00f3n integrada de CMMS que le permite gestionar todas las actividades de mantenimiento de diversos tipos de equipos, ya sean m\u00f3viles o fijos, privados o p\u00fablicos, en sectores inmobiliarios o industriales.<\/p>\n\n\n\n<h4 class=\"wp-block-heading\">El software de NJ-Maintenance est\u00e1 construido sobre tres pilares principales:<\/h4>\n\n\n\n<p><strong>NJ-Mobile<\/strong>: Un conjunto de aplicaciones m\u00f3viles para tabletas y tel\u00e9fonos inteligentes que funcionan sin conexi\u00f3n (de manera asincr\u00f3nica), apoyando a los t\u00e9cnicos en movimiento, intervenciones de clientes o sitios sin conectividad a la red..<\/p>\n\n\n\n<p><strong>NJ-Maintenance<\/strong>: Una soluci\u00f3n moderna basada en Internet que aborda todas las necesidades de CMMS, incluyendo solicitudes de intervenci\u00f3n, \u00f3rdenes de trabajo, calendarios de mantenimiento, gesti\u00f3n de equipos, planificaci\u00f3n de actividades, inventario, geolocalizaci\u00f3n, clientes, proveedores, presupuestos y m\u00e1s.<\/p>\n\n\n\n<p><strong>NJ-Lite<\/strong>: Un portal web completamente configurable para un intercambio de informaci\u00f3n fluido con clientes y proveedores. Facilita la declaraci\u00f3n y el seguimiento de solicitudes de intervenci\u00f3n, la publicaci\u00f3n de informes, indicadores de rendimiento y mucho m\u00e1s.<\/p>\n","protected":false},"excerpt":{"rendered":"<p>NJ-Maintenance es una soluci\u00f3n integrada de CMMS que le permite gestionar todas las actividades de mantenimiento de diversos tipos de equipos, ya sean m\u00f3viles o fijos, privados o p\u00fablicos, en sectores inmobiliarios o industriales. El software de NJ-Maintenance est\u00e1 construido sobre tres pilares principales: NJ-Mobile: Un conjunto de aplicaciones m\u00f3viles para tabletas y tel\u00e9fonos inteligentes que funcionan sin conexi\u00f3n (de manera asincr\u00f3nica), apoyando a los t\u00e9cnicos en movimiento, intervenciones de clientes o sitios sin conectividad a la red.. NJ-Maintenance: Una soluci\u00f3n moderna basada en Internet que aborda todas las necesidades de CMMS, incluyendo solicitudes de intervenci\u00f3n, \u00f3rdenes de trabajo, calendarios de mantenimiento, gesti\u00f3n de equipos, planificaci\u00f3n de actividades, inventario, geolocalizaci\u00f3n, clientes, proveedores, presupuestos y m\u00e1s. NJ-Lite: Un portal web completamente configurable para un intercambio de informaci\u00f3n fluido con clientes y proveedores. Facilita la declaraci\u00f3n y el seguimiento de solicitudes de intervenci\u00f3n, la publicaci\u00f3n de informes, indicadores de rendimiento y mucho m\u00e1s.<\/p>\n","protected":false},"author":2,"featured_media":0,"parent":0,"menu_order":0,"comment_status":"closed","ping_status":"closed","template":"","meta":{"jetpack_post_was_ever_published":false,"footnotes":""},"class_list":["post-959","page","type-page","status-publish","hentry"],"acf":[],"jetpack_sharing_enabled":true,"_links":{"self":[{"href":"https:\/\/nj-maint.com\/gmao\/wp-json\/wp\/v2\/pages\/959","targetHints":{"allow":["GET"]}}],"collection":[{"href":"https:\/\/nj-maint.com\/gmao\/wp-json\/wp\/v2\/pages"}],"about":[{"href":"https:\/\/nj-maint.com\/gmao\/wp-json\/wp\/v2\/types\/page"}],"author":[{"embeddable":true,"href":"https:\/\/nj-maint.com\/gmao\/wp-json\/wp\/v2\/users\/2"}],"replies":[{"embeddable":true,"href":"https:\/\/nj-maint.com\/gmao\/wp-json\/wp\/v2\/comments?post=959"}],"version-history":[{"count":4,"href":"https:\/\/nj-maint.com\/gmao\/wp-json\/wp\/v2\/pages\/959\/revisions"}],"predecessor-version":[{"id":1347,"href":"https:\/\/nj-maint.com\/gmao\/wp-json\/wp\/v2\/pages\/959\/revisions\/1347"}],"wp:attachment":[{"href":"https:\/\/nj-maint.com\/gmao\/wp-json\/wp\/v2\/media?parent=959"}],"curies":[{"name":"wp","href":"https:\/\/api.w.org\/{rel}","templated":true}]}}